0 - -13 - 31)*(-34)/4. What is the highest common divisor of g and 63?
9
Let y(k) = k**3 - 14*k**2 + 14*k - 6. Let u(r) = -r**3 + 5*r**2 - 2*r + 1. Let w be u(3). Let b be y(w). What is the highest common divisor of 28 and b?
7
Suppose 678 + 132 = 5*l + w, 648 = 4*l - 3*w. Suppose -l = -y - 5*y. What is the highest common factor of 216 and y?
27
Suppose 5*c = v - 4*v + 2135, -2*v = -5*c + 2135. What is the highest common factor of 7 and c?
7
Suppose 3*t = 5*v + 96, -4*v - 4*t + 6 = 70. Let f = 20 + v. Suppose f*k + 8 = 26. What is the greatest common divisor of k and 18?
9
Let j = -896 - -956. What is the greatest common divisor of 380 and j?
20
Suppose 5*g + 14 = -3*m - 30, 4*m = g - 5. Let a = 22 + g. Let n be 123/6 - a/10. Calculate the highest common divisor of 133 and n.
19
Let z be 8/(-2) - (0 + -2). Let q be z/(-4*3/90). What is the highest common factor of 45 and q?
15
Let l = 203 + -53. Suppose -k + 3*b - 4 = -34, 0 = b. What is the highest common factor of k and l?
30
Let p(n) = 2*n**2 + 4*n + 21. Let h be p(6). Calculate the highest common divisor of 195 and h.
39
Suppose -489*o - 1455 = -586*o. Let b(k) = k**2 - 2*k - 3. Let l be b(-2). Calculate the highest common divisor of o and l.
5
Suppose 5*v = 2147 - 347. Suppose -v = 16*g - 19*g. What is the highest common factor of g and 20?
20
Let y be 7 - 375/55 - 50398/(-22). Calculate the greatest common factor of 29 and y.
29
Let k = 9619 + -9597. Let l = -51 - -249. Calculate the greatest common divisor of l and k.
22
Let h be (-4)/((-16)/(-300))*-1. Let y(n) = -3*n**3 + n**3 + 6*n**3 + n**3 + 3*n - 4*n**2. Let s be y(2). Calculate the greatest common factor of s and h.
15
Suppose -3 + 3 = -3*h. Let c be (9/(-6) - h)/((-6)/144). Calculate the greatest common divisor of 9 and c.
9
Suppose 4*l = 4*z - 44 - 96, -16 = -4*z. Let q = 36 + l. What is the highest common factor of 35 and q?
5
Suppose -2567 + 503 = -43*p. Let o = -2 + 26. Calculate the highest common divisor of p and o.
24
Let b = 3 - 14. Let v = b - -12. Let a(d) = 84*d**2 + d. Let p be a(v). What is the highest common factor of p and 17?
17
Suppose -2 - 4 = -3*x. What is the highest common factor of x and 102?
2
Let a be (-2)/12 - ((-11)/(-6) - -1). Let z be -112*1*a/6. Calculate the highest common factor of z and 8.
8
Let o be 5/(-15)*-3 - -2 - -18. Calculate the highest common factor of o and 6.
3
Let j be 20/6 + 10/15. Suppose 2*l = j*l + 5*q - 267, -4*l + 513 = 3*q. Let p = 22 - 4. What is the highest common divisor of l and p?
18
Suppose 420*r = 431*r - 319. Let o be (-1 - 1)/((-2)/(-22)). Let d = r + o. What is the greatest common factor of 7 and d?
7
Let m = 2 - 1. Let u be (-572)/(-16) - m/(-4). Let k be 4/(-42)*-3 - 1476/(-126). What is the greatest common divisor of k and u?
12
Let t(c) = -c**2 + 9*c - 4. Let m be t(7). Let x = 12 - m. Let y(b) = 2*b**3 - 2*b**2 + 2*b + 2. Let a be y(x). What is the highest common divisor of a and 14?
14
Suppose 0 = 919*y - 925*y + 36. Let o be -2 + 0 + 178 + -2. What is the greatest common factor of y and o?
6
Let q be (-6)/9 + (-214)/(-6). Suppose 0 = 2*r - 8, -u + 0*u = 4*r - q. Calculate the greatest common divisor of u and 209.
19
Let l(k) = k**2 + 19*k - 60. Let q be l(-23). Calculate the greatest common factor of q and 240.
16
Let j(a) = -18*a - 18. Let x(c) = c + 1. Let h(o) = 4*j(o) + 60*x(o). Let m be h(-5). Calculate the greatest common factor of m and 80.
16
Suppose -3*n + 53 = 3*p + 2, 3*n = p + 39. Let t = -62 - -398. Suppose -3*r - r + t = 0. What is the greatest common divisor of n and r?
14
Let r = -11 + 19. Let q be (-3*7)/(r + -9). What is the greatest common factor of q and 210?
21
Let z be 5 - (1 + 0 - -2). Let j be (16/(z + 2))/(-1). Let f be (-31)/j + (-7)/(-28). What is the highest common factor of f and 24?
8
Let w = 31 + -206. Let m = -77 - w. Suppose 70 = 7*p - 2*p. What is the highest common divisor of p and m?
14
Let z be 6 - ((-1 - -2) + -1). Suppose -19*v + 378 = -10*v. Calculate the highest common factor of v and z.
6
Let c(v) = 15*v + 291. Let d be c(-19). Suppose b = -2*b + 144. Calculate the greatest common factor of d and b.
6
Let w(i) = -6*i - 7*i + 10*i + 16 + 2*i. Let g be w(14). Calculate the greatest common factor of g and 8.
2
Let c be (-2)/(-1) + 1 - -39. Suppose 3*z - 25 = -2*g + c, 3*z = 5*g - 157. What is the highest common factor of 48 and g?
16
Let u = 13 - 5. Suppose -u*j = -7*j. Let r(p) = -p**3 + p**2 + 22. Let m be r(j). Calculate the highest common divisor of m and 55.
11
Suppose 2*o - 64 = -4*x, 5*x = -8*o + 9*o - 25. Calculate the greatest common divisor of 126 and o.
6
Let i be 5/(-7) - 2/7. Let v(m) = 40 + 0*m - 6*m - 40. Let w be v(i). Calculate the greatest common factor of 12 and w.
6
Suppose 5*h - 31 = -31. Suppose 5*u - 242 + 12 = h. What is the highest common divisor of u and 46?
46
Let p = -36 - -54. Let g(v) = -v**2 + 20*v + 13. Let y be g(p). Calculate the greatest common factor of 7 and y.
7
Suppose 4*l - v - 484 = -3*v, 4*v = 0. Let g(z) = -z**2 + 6*z + 7. Let i be g(7). Suppose -3*y - 15 + 48 = i. Calculate the greatest common factor of l and y.
11
Let i = 33 + 9. Let p = 66 - i. What is the greatest common factor of p and 60?
12
Let s = -54 - -78. Let d(j) = -j + 5. Let k be d(9). Let m(r) = -r**3 + 5*r + 4. Let f be m(k). Calculate the highest common factor of f and s.
24
Let l = 303 + -58. Calculate the greatest common divisor of 147 and l.
49
Let m = -282 + 601. Let b be ((-4)/(-24) - 26/12) + (45 - 14). What is the greatest common factor of b and m?
29
Suppose 201 = 6*a - 21. Calculate the highest common divisor of a and 74.
37
Let f be 56/(-21)*(-78)/8. Let b = 37 - f. What is the greatest common divisor of b and 11?
11
Suppose -h + 10 = i, -5*h - 7 = -5*i + 53. Suppose -i = -4*g + 341. Let j be (-212)/(-20) - (-10)/25. What is the greatest common divisor of g and j?
11
Let p be (-14)/(-21) - (1 - (-5298)/(-18)). What is the greatest common factor of p and 28?
14
Suppose -4 = c, 3*m = m + 4*c + 20. Suppose 69 = 4*j - 3*d, m*d = -j + 4*d + 16. Calculate the greatest common divisor of j and 6.
6
Let g(q) = -q + 10. Let d be g(-2). Let w be 3/2*d + -1 + 3. What is the highest common divisor of w and 100?
20
Suppose -4*h + 5*t = -14, 3*h - 11*t + 7 = -16*t. Calculate the greatest common divisor of h and 4.
1
Suppose 241 = 5*i - 89. What is the highest common divisor of 12 and i?
6
Suppose d - 2 = 4*o, 2*d - 3*d = -3*o - 7. What is the highest common factor of 66 and d?
22
Suppose -80 = 11*i - 13*i. What is the highest common factor of 180 and i?
20
Suppose -7*j + a = -2*j - 93, -4*j - 4*a + 84 = 0. Let b be 1 + 188 + (2 - 1). Calculate the greatest common divisor of j and b.
19
Let d(r) be the third derivative of r**6/120 + 7*r**5/60 + r**4/3 + r**3 - 14*r**2. Let b be d(-5). What is the highest common divisor of 176 and b?
16
Let a = -73 + 164. Calculate the greatest common divisor of 35 and a.
7
Suppose 0 = -24*l + 10612 + 20972. What is the highest common factor of l and 28?
28
Let i be (-1539)/63 - 3/(-7). Let q = i - -26. Suppose -q*m = -3*h + 48, 0*h = -2*h - 3*m + 32. Calculate the highest common factor of h and 112.
16
Let x be (-5 - 30/(-5))*37. What is the highest common divisor of x and 1?
1
Suppose 2*s - 78 = -4*s. Suppose -8*j - 10 = -s*j. Calculate the highest common factor of 10 and j.
2
Suppose 5*y = 7*y - 34. Let f = y - 21. Let c(p) = -8*p - 2. Let s be c(f). What is the greatest common divisor of 20 and s?
10
Let v(i) = 4*i**2 - 10*i - 24. Let h be v(9). What is the highest common divisor of h and 150?
30
Let i(z) = -4*z - 26. Let u = -45 - -28. Let w be i(u). What is the highest common divisor of 105 and w?
21
Let z(l) be the third derivative of 13*l**6/60 - 2*l**3/3 - l**2. Let x be z(2). Let m = x + -134. What is the greatest common factor of 28 and m?
14
Let g(y) = -112*y - 3. Let f be g(-2). Suppose 12*n - f = -n. What is the greatest common factor of n and 85?
17
Let d(g) = g + 3. Suppose 2*s + f = -18, 2*s + 3*f + 2*f + 26 = 0. Let o be (2 + -1)*(-2 - s). Let i be d(o). Calculate the greatest common divisor of i and 27.
9
Let m = 1076 + -593. Calculate the highest common factor of m and 69.
69
Let d(h) be the first derivative of h**4/4 - 4*h**3 + 13*h**2/2 - 13*h - 9. Let l be d(11